{"id":98,"date":"2020-04-07T14:51:28","date_gmt":"2020-04-07T14:51:28","guid":{"rendered":"https:\/\/hh.uy\/?post_type=product&#038;p=98"},"modified":"2021-04-26T04:26:27","modified_gmt":"2021-04-26T04:26:27","slug":"cc607-1-cortadoras-para-ceramicas-de-mesa","status":"publish","type":"product","link":"https:\/\/hh.uy\/?product=cc607-1-cortadoras-para-ceramicas-de-mesa","title":{"rendered":"CC607\/1 &#8211; CORTADORAS PARA CERAMICAS DE MESA"},"content":{"rendered":"<p>Corte de inclinaci\u00f3n a 45\u00ba<br \/>\nIncluye disco diamantado<br \/>\nCompartimento de agua removible, equipado con tap\u00f3n de descarga<br \/>\nBloqueo r\u00e1pido de la gu\u00eda de corte<br \/>\nVoltaje-frecuencia: 220v-50Hz<br \/>\nPotencia: 550W<br \/>\nVelocidad en vac\u00edo: 2950\/min<br \/>\nCapacidad de corte: a 90\u00ba: 35mm<br \/>\na 45\u00ba: 10mm<br \/>\nDimensiones de la mesa: 460x360mm<br \/>\nDi\u00e1metro de disco: 180mmx25,4mm<br \/>\n\u00cdndice de protecci\u00f3n: IP54<br \/>\nTipo de aislaci\u00f3n: Clase I<br \/>\nPeso: 11kg<\/p>\n","protected":false},"excerpt":{"rendered":"<p>Corte de inclinaci\u00f3n a 45\u00ba<br \/>\nIncluye disco diamantado<br \/>\nCompartimento de agua removible, equipado con tap\u00f3n de descarga<br \/>\nBloqueo r\u00e1pido de la gu\u00eda de corte<br \/>\nVoltaje-frecuencia: 220v-50Hz<br \/>\nPotencia: 550W<br \/>\nVelocidad en vac\u00edo: 2950\/min<br \/>\nCapacidad de corte: a 90\u00ba: 35mm<br \/>\na 45\u00ba: 10mm<br \/>\nDimensiones de la mesa: 460x360mm<br \/>\nDi\u00e1metro de disco: 180mmx25,4mm<br \/>\n\u00cdndice de protecci\u00f3n: IP54<br \/>\nTipo de aislaci\u00f3n: Clase I<br \/>\nPeso: 11kg<\/p>\n","protected":false},"featured_media":188,"comment_status":"open","ping_status":"closed","template":"","meta":[],"product_cat":[25,16],"product_tag":[],"class_list":{"0":"post-98","1":"product","2":"type-product","3":"status-publish","4":"has-post-thumbnail","6":"product_cat-cortadora-ceramica-electrica","7":"product_cat-herramientas-electricas-y-combustion","9":"first","10":"outofstock","11":"taxable","12":"shipping-taxable","13":"product-type-simple"},"yoast_head":"<!-- This site is optimized with the Yoast SEO plugin v24.9 - https:\/\/yoast.com\/wordpress\/plugins\/seo\/ -->\n<title>CC607\/1 - CORTADORAS PARA CERAMICAS DE MESA - Tienda de Herramientas | hh.uy<\/title>\n<meta name=\"robots\" content=\"index, follow, max-snippet:-1, max-image-preview:large, max-video-preview:-1\" \/>\n<link rel=\"canonical\" href=\"https:\/\/hh.uy\/?product=cc607-1-cortadoras-para-ceramicas-de-mesa\" \/>\n<meta property=\"og:locale\" content=\"es_ES\" \/>\n<meta property=\"og:type\" content=\"article\" \/>\n<meta property=\"og:title\" content=\"CC607\/1 - CORTADORAS PARA CERAMICAS DE MESA - Tienda de Herramientas | hh.uy\" \/>\n<meta property=\"og:description\" content=\"Corte de inclinaci\u00f3n a 45\u00ba Incluye disco diamantado Compartimento de agua removible, equipado con tap\u00f3n de descarga Bloqueo r\u00e1pido de la gu\u00eda de corte Voltaje-frecuencia: 220v-50Hz Potencia: 550W Velocidad en vac\u00edo: 2950\/min Capacidad de corte: a 90\u00ba: 35mm a 45\u00ba: 10mm Dimensiones de la mesa: 460x360mm Di\u00e1metro de disco: 180mmx25,4mm \u00cdndice de protecci\u00f3n: IP54 Tipo de aislaci\u00f3n: Clase I Peso: 11kg\" \/>\n<meta property=\"og:url\" content=\"https:\/\/hh.uy\/?product=cc607-1-cortadoras-para-ceramicas-de-mesa\" \/>\n<meta property=\"og:site_name\" content=\"Tienda de Herramientas | hh.uy\" \/>\n<meta property=\"article:modified_time\" content=\"2021-04-26T04:26:27+00:00\" \/>\n<meta property=\"og:image\" content=\"https:\/\/hh.uy\/wp-content\/uploads\/2020\/04\/cc60710.jpg\" \/>\n\t<meta property=\"og:image:width\" content=\"950\" \/>\n\t<meta property=\"og:image:height\" content=\"718\" \/>\n\t<meta property=\"og:image:type\" content=\"image\/jpeg\" \/>\n<meta name=\"twitter:card\" content=\"summary_large_image\" \/>\n<script type=\"application\/ld+json\" class=\"yoast-schema-graph\">{\"@context\":\"https:\/\/schema.org\",\"@graph\":[{\"@type\":\"WebPage\",\"@id\":\"https:\/\/hh.uy\/?product=cc607-1-cortadoras-para-ceramicas-de-mesa\",\"url\":\"https:\/\/hh.uy\/?product=cc607-1-cortadoras-para-ceramicas-de-mesa\",\"name\":\"CC607\/1 - CORTADORAS PARA CERAMICAS DE MESA - Tienda de Herramientas | hh.uy\",\"isPartOf\":{\"@id\":\"https:\/\/hh.uy\/#website\"},\"primaryImageOfPage\":{\"@id\":\"https:\/\/hh.uy\/?product=cc607-1-cortadoras-para-ceramicas-de-mesa#primaryimage\"},\"image\":{\"@id\":\"https:\/\/hh.uy\/?product=cc607-1-cortadoras-para-ceramicas-de-mesa#primaryimage\"},\"thumbnailUrl\":\"https:\/\/hh.uy\/wp-content\/uploads\/2020\/04\/cc60710.jpg\",\"datePublished\":\"2020-04-07T14:51:28+00:00\",\"dateModified\":\"2021-04-26T04:26:27+00:00\",\"breadcrumb\":{\"@id\":\"https:\/\/hh.uy\/?product=cc607-1-cortadoras-para-ceramicas-de-mesa#breadcrumb\"},\"inLanguage\":\"es\",\"potentialAction\":[{\"@type\":\"ReadAction\",\"target\":[\"https:\/\/hh.uy\/?product=cc607-1-cortadoras-para-ceramicas-de-mesa\"]}]},{\"@type\":\"ImageObject\",\"inLanguage\":\"es\",\"@id\":\"https:\/\/hh.uy\/?product=cc607-1-cortadoras-para-ceramicas-de-mesa#primaryimage\",\"url\":\"https:\/\/hh.uy\/wp-content\/uploads\/2020\/04\/cc60710.jpg\",\"contentUrl\":\"https:\/\/hh.uy\/wp-content\/uploads\/2020\/04\/cc60710.jpg\",\"width\":950,\"height\":718},{\"@type\":\"BreadcrumbList\",\"@id\":\"https:\/\/hh.uy\/?product=cc607-1-cortadoras-para-ceramicas-de-mesa#breadcrumb\",\"itemListElement\":[{\"@type\":\"ListItem\",\"position\":1,\"name\":\"Home\",\"item\":\"https:\/\/hh.uy\/\"},{\"@type\":\"ListItem\",\"position\":2,\"name\":\"Shop\",\"item\":\"https:\/\/hh.uy\/?page_id=8\"},{\"@type\":\"ListItem\",\"position\":3,\"name\":\"CC607\/1 &#8211; CORTADORAS PARA CERAMICAS DE MESA\"}]},{\"@type\":\"WebSite\",\"@id\":\"https:\/\/hh.uy\/#website\",\"url\":\"https:\/\/hh.uy\/\",\"name\":\"Tienda de Herramientas | hh.uy\",\"description\":\"Consulta &gt; Compra &gt; Paga &gt; Recibe\",\"potentialAction\":[{\"@type\":\"SearchAction\",\"target\":{\"@type\":\"EntryPoint\",\"urlTemplate\":\"https:\/\/hh.uy\/?s={search_term_string}\"},\"query-input\":{\"@type\":\"PropertyValueSpecification\",\"valueRequired\":true,\"valueName\":\"search_term_string\"}}],\"inLanguage\":\"es\"}]}<\/script>\n<!-- \/ Yoast SEO plugin. -->","yoast_head_json":{"title":"CC607\/1 - CORTADORAS PARA CERAMICAS DE MESA - Tienda de Herramientas | hh.uy","robots":{"index":"index","follow":"follow","max-snippet":"max-snippet:-1","max-image-preview":"max-image-preview:large","max-video-preview":"max-video-preview:-1"},"canonical":"https:\/\/hh.uy\/?product=cc607-1-cortadoras-para-ceramicas-de-mesa","og_locale":"es_ES","og_type":"article","og_title":"CC607\/1 - CORTADORAS PARA CERAMICAS DE MESA - Tienda de Herramientas | hh.uy","og_description":"Corte de inclinaci\u00f3n a 45\u00ba Incluye disco diamantado Compartimento de agua removible, equipado con tap\u00f3n de descarga Bloqueo r\u00e1pido de la gu\u00eda de corte Voltaje-frecuencia: 220v-50Hz Potencia: 550W Velocidad en vac\u00edo: 2950\/min Capacidad de corte: a 90\u00ba: 35mm a 45\u00ba: 10mm Dimensiones de la mesa: 460x360mm Di\u00e1metro de disco: 180mmx25,4mm \u00cdndice de protecci\u00f3n: IP54 Tipo de aislaci\u00f3n: Clase I Peso: 11kg","og_url":"https:\/\/hh.uy\/?product=cc607-1-cortadoras-para-ceramicas-de-mesa","og_site_name":"Tienda de Herramientas | hh.uy","article_modified_time":"2021-04-26T04:26:27+00:00","og_image":[{"width":950,"height":718,"url":"https:\/\/hh.uy\/wp-content\/uploads\/2020\/04\/cc60710.jpg","type":"image\/jpeg"}],"twitter_card":"summary_large_image","schema":{"@context":"https:\/\/schema.org","@graph":[{"@type":"WebPage","@id":"https:\/\/hh.uy\/?product=cc607-1-cortadoras-para-ceramicas-de-mesa","url":"https:\/\/hh.uy\/?product=cc607-1-cortadoras-para-ceramicas-de-mesa","name":"CC607\/1 - CORTADORAS PARA CERAMICAS DE MESA - Tienda de Herramientas | hh.uy","isPartOf":{"@id":"https:\/\/hh.uy\/#website"},"primaryImageOfPage":{"@id":"https:\/\/hh.uy\/?product=cc607-1-cortadoras-para-ceramicas-de-mesa#primaryimage"},"image":{"@id":"https:\/\/hh.uy\/?product=cc607-1-cortadoras-para-ceramicas-de-mesa#primaryimage"},"thumbnailUrl":"https:\/\/hh.uy\/wp-content\/uploads\/2020\/04\/cc60710.jpg","datePublished":"2020-04-07T14:51:28+00:00","dateModified":"2021-04-26T04:26:27+00:00","breadcrumb":{"@id":"https:\/\/hh.uy\/?product=cc607-1-cortadoras-para-ceramicas-de-mesa#breadcrumb"},"inLanguage":"es","potentialAction":[{"@type":"ReadAction","target":["https:\/\/hh.uy\/?product=cc607-1-cortadoras-para-ceramicas-de-mesa"]}]},{"@type":"ImageObject","inLanguage":"es","@id":"https:\/\/hh.uy\/?product=cc607-1-cortadoras-para-ceramicas-de-mesa#primaryimage","url":"https:\/\/hh.uy\/wp-content\/uploads\/2020\/04\/cc60710.jpg","contentUrl":"https:\/\/hh.uy\/wp-content\/uploads\/2020\/04\/cc60710.jpg","width":950,"height":718},{"@type":"BreadcrumbList","@id":"https:\/\/hh.uy\/?product=cc607-1-cortadoras-para-ceramicas-de-mesa#breadcrumb","itemListElement":[{"@type":"ListItem","position":1,"name":"Home","item":"https:\/\/hh.uy\/"},{"@type":"ListItem","position":2,"name":"Shop","item":"https:\/\/hh.uy\/?page_id=8"},{"@type":"ListItem","position":3,"name":"CC607\/1 &#8211; CORTADORAS PARA CERAMICAS DE MESA"}]},{"@type":"WebSite","@id":"https:\/\/hh.uy\/#website","url":"https:\/\/hh.uy\/","name":"Tienda de Herramientas | hh.uy","description":"Consulta &gt; Compra &gt; Paga &gt; Recibe","potentialAction":[{"@type":"SearchAction","target":{"@type":"EntryPoint","urlTemplate":"https:\/\/hh.uy\/?s={search_term_string}"},"query-input":{"@type":"PropertyValueSpecification","valueRequired":true,"valueName":"search_term_string"}}],"inLanguage":"es"}]}},"_links":{"self":[{"href":"https:\/\/hh.uy\/index.php?rest_route=\/wp\/v2\/product\/98","targetHints":{"allow":["GET"]}}],"collection":[{"href":"https:\/\/hh.uy\/index.php?rest_route=\/wp\/v2\/product"}],"about":[{"href":"https:\/\/hh.uy\/index.php?rest_route=\/wp\/v2\/types\/product"}],"replies":[{"embeddable":true,"href":"https:\/\/hh.uy\/index.php?rest_route=%2Fwp%2Fv2%2Fcomments&post=98"}],"wp:featuredmedia":[{"embeddable":true,"href":"https:\/\/hh.uy\/index.php?rest_route=\/wp\/v2\/media\/188"}],"wp:attachment":[{"href":"https:\/\/hh.uy\/index.php?rest_route=%2Fwp%2Fv2%2Fmedia&parent=98"}],"wp:term":[{"taxonomy":"product_cat","embeddable":true,"href":"https:\/\/hh.uy\/index.php?rest_route=%2Fwp%2Fv2%2Fproduct_cat&post=98"},{"taxonomy":"product_tag","embeddable":true,"href":"https:\/\/hh.uy\/index.php?rest_route=%2Fwp%2Fv2%2Fproduct_tag&post=98"}],"curies":[{"name":"wp","href":"https:\/\/api.w.org\/{rel}","templated":true}]}}