{"id":92,"date":"2020-04-07T14:22:48","date_gmt":"2020-04-07T17:22:48","guid":{"rendered":"https:\/\/hh.uy\/?post_type=product&#038;p=92"},"modified":"2021-04-27T15:44:24","modified_gmt":"2021-04-27T18:44:24","slug":"ip1012-220-cortadora-plasma-inverter","status":"publish","type":"product","link":"https:\/\/hh.uy\/?product=ip1012-220-cortadora-plasma-inverter","title":{"rendered":"IP1012\/220 &#8211; CORTADORA PLASMA INVERTER"},"content":{"rendered":"<p>DATOS T\u00c9CNICOS<br \/>\nVOLTAJE\/FRECUENCIA: 220V ~ 50-60Hz<br \/>\nPOTENCIA: 6,9 kVA<br \/>\nPRESI\u00d3N DE AIRE: 0,4Mpa<br \/>\nRANGO DE AMPERAJE: 20 &#8211; 60A<br \/>\nCAPACIDAD M\u00c1XIMA: 18mm<br \/>\nTIPO DE AISLACI\u00d3N: CLASE I<br \/>\nPESO: 13kg<\/p>\n","protected":false},"excerpt":{"rendered":"<p>DATOS T\u00c9CNICOS<br \/>\nVOLTAJE\/FRECUENCIA: 220V ~ 50-60Hz<br \/>\nPOTENCIA: 6,9 kVA<br \/>\nPRESI\u00d3N DE AIRE: 0,4Mpa<br \/>\nRANGO DE AMPERAJE: 20 &#8211; 60A<br \/>\nCAPACIDAD M\u00c1XIMA: 18mm<br \/>\nTIPO DE AISLACI\u00d3N: CLASE I<br \/>\nPESO: 13kg<\/p>\n","protected":false},"featured_media":182,"comment_status":"open","ping_status":"closed","template":"","meta":[],"product_cat":[24,16],"product_tag":[],"class_list":{"0":"post-92","1":"product","2":"type-product","3":"status-publish","4":"has-post-thumbnail","6":"product_cat-cortador-por-plasma","7":"product_cat-herramientas-electricas-y-combustion","9":"first","10":"outofstock","11":"taxable","12":"shipping-taxable","13":"product-type-simple"},"yoast_head":"<!-- This site is optimized with the Yoast SEO plugin v24.9 - https:\/\/yoast.com\/wordpress\/plugins\/seo\/ -->\n<title>IP1012\/220 - CORTADORA PLASMA INVERTER - Tienda de Herramientas | hh.uy<\/title>\n<meta name=\"robots\" content=\"index, follow, max-snippet:-1, max-image-preview:large, max-video-preview:-1\" \/>\n<link rel=\"canonical\" href=\"https:\/\/hh.uy\/?product=ip1012-220-cortadora-plasma-inverter\" \/>\n<meta property=\"og:locale\" content=\"es_ES\" \/>\n<meta property=\"og:type\" content=\"article\" \/>\n<meta property=\"og:title\" content=\"IP1012\/220 - CORTADORA PLASMA INVERTER - Tienda de Herramientas | hh.uy\" \/>\n<meta property=\"og:description\" content=\"DATOS T\u00c9CNICOS VOLTAJE\/FRECUENCIA: 220V ~ 50-60Hz POTENCIA: 6,9 kVA PRESI\u00d3N DE AIRE: 0,4Mpa RANGO DE AMPERAJE: 20 - 60A CAPACIDAD M\u00c1XIMA: 18mm TIPO DE AISLACI\u00d3N: CLASE I PESO: 13kg\" \/>\n<meta property=\"og:url\" content=\"https:\/\/hh.uy\/?product=ip1012-220-cortadora-plasma-inverter\" \/>\n<meta property=\"og:site_name\" content=\"Tienda de Herramientas | hh.uy\" \/>\n<meta property=\"article:modified_time\" content=\"2021-04-27T18:44:24+00:00\" \/>\n<meta property=\"og:image\" content=\"https:\/\/hh.uy\/wp-content\/uploads\/2020\/04\/ip10122200.jpg\" \/>\n\t<meta property=\"og:image:width\" content=\"800\" \/>\n\t<meta property=\"og:image:height\" content=\"898\" \/>\n\t<meta property=\"og:image:type\" content=\"image\/jpeg\" \/>\n<meta name=\"twitter:card\" content=\"summary_large_image\" \/>\n<script type=\"application\/ld+json\" class=\"yoast-schema-graph\">{\"@context\":\"https:\/\/schema.org\",\"@graph\":[{\"@type\":\"WebPage\",\"@id\":\"https:\/\/hh.uy\/?product=ip1012-220-cortadora-plasma-inverter\",\"url\":\"https:\/\/hh.uy\/?product=ip1012-220-cortadora-plasma-inverter\",\"name\":\"IP1012\/220 - CORTADORA PLASMA INVERTER - Tienda de Herramientas | hh.uy\",\"isPartOf\":{\"@id\":\"https:\/\/hh.uy\/#website\"},\"primaryImageOfPage\":{\"@id\":\"https:\/\/hh.uy\/?product=ip1012-220-cortadora-plasma-inverter#primaryimage\"},\"image\":{\"@id\":\"https:\/\/hh.uy\/?product=ip1012-220-cortadora-plasma-inverter#primaryimage\"},\"thumbnailUrl\":\"https:\/\/hh.uy\/wp-content\/uploads\/2020\/04\/ip10122200.jpg\",\"datePublished\":\"2020-04-07T17:22:48+00:00\",\"dateModified\":\"2021-04-27T18:44:24+00:00\",\"breadcrumb\":{\"@id\":\"https:\/\/hh.uy\/?product=ip1012-220-cortadora-plasma-inverter#breadcrumb\"},\"inLanguage\":\"es\",\"potentialAction\":[{\"@type\":\"ReadAction\",\"target\":[\"https:\/\/hh.uy\/?product=ip1012-220-cortadora-plasma-inverter\"]}]},{\"@type\":\"ImageObject\",\"inLanguage\":\"es\",\"@id\":\"https:\/\/hh.uy\/?product=ip1012-220-cortadora-plasma-inverter#primaryimage\",\"url\":\"https:\/\/hh.uy\/wp-content\/uploads\/2020\/04\/ip10122200.jpg\",\"contentUrl\":\"https:\/\/hh.uy\/wp-content\/uploads\/2020\/04\/ip10122200.jpg\",\"width\":800,\"height\":898},{\"@type\":\"BreadcrumbList\",\"@id\":\"https:\/\/hh.uy\/?product=ip1012-220-cortadora-plasma-inverter#breadcrumb\",\"itemListElement\":[{\"@type\":\"ListItem\",\"position\":1,\"name\":\"Home\",\"item\":\"https:\/\/hh.uy\/\"},{\"@type\":\"ListItem\",\"position\":2,\"name\":\"Shop\",\"item\":\"https:\/\/hh.uy\/?page_id=8\"},{\"@type\":\"ListItem\",\"position\":3,\"name\":\"IP1012\/220 &#8211; CORTADORA PLASMA INVERTER\"}]},{\"@type\":\"WebSite\",\"@id\":\"https:\/\/hh.uy\/#website\",\"url\":\"https:\/\/hh.uy\/\",\"name\":\"Tienda de Herramientas | hh.uy\",\"description\":\"Consulta &gt; Compra &gt; Paga &gt; Recibe\",\"potentialAction\":[{\"@type\":\"SearchAction\",\"target\":{\"@type\":\"EntryPoint\",\"urlTemplate\":\"https:\/\/hh.uy\/?s={search_term_string}\"},\"query-input\":{\"@type\":\"PropertyValueSpecification\",\"valueRequired\":true,\"valueName\":\"search_term_string\"}}],\"inLanguage\":\"es\"}]}<\/script>\n<!-- \/ Yoast SEO plugin. -->","yoast_head_json":{"title":"IP1012\/220 - CORTADORA PLASMA INVERTER - Tienda de Herramientas | hh.uy","robots":{"index":"index","follow":"follow","max-snippet":"max-snippet:-1","max-image-preview":"max-image-preview:large","max-video-preview":"max-video-preview:-1"},"canonical":"https:\/\/hh.uy\/?product=ip1012-220-cortadora-plasma-inverter","og_locale":"es_ES","og_type":"article","og_title":"IP1012\/220 - CORTADORA PLASMA INVERTER - Tienda de Herramientas | hh.uy","og_description":"DATOS T\u00c9CNICOS VOLTAJE\/FRECUENCIA: 220V ~ 50-60Hz POTENCIA: 6,9 kVA PRESI\u00d3N DE AIRE: 0,4Mpa RANGO DE AMPERAJE: 20 - 60A CAPACIDAD M\u00c1XIMA: 18mm TIPO DE AISLACI\u00d3N: CLASE I PESO: 13kg","og_url":"https:\/\/hh.uy\/?product=ip1012-220-cortadora-plasma-inverter","og_site_name":"Tienda de Herramientas | hh.uy","article_modified_time":"2021-04-27T18:44:24+00:00","og_image":[{"width":800,"height":898,"url":"https:\/\/hh.uy\/wp-content\/uploads\/2020\/04\/ip10122200.jpg","type":"image\/jpeg"}],"twitter_card":"summary_large_image","schema":{"@context":"https:\/\/schema.org","@graph":[{"@type":"WebPage","@id":"https:\/\/hh.uy\/?product=ip1012-220-cortadora-plasma-inverter","url":"https:\/\/hh.uy\/?product=ip1012-220-cortadora-plasma-inverter","name":"IP1012\/220 - CORTADORA PLASMA INVERTER - Tienda de Herramientas | hh.uy","isPartOf":{"@id":"https:\/\/hh.uy\/#website"},"primaryImageOfPage":{"@id":"https:\/\/hh.uy\/?product=ip1012-220-cortadora-plasma-inverter#primaryimage"},"image":{"@id":"https:\/\/hh.uy\/?product=ip1012-220-cortadora-plasma-inverter#primaryimage"},"thumbnailUrl":"https:\/\/hh.uy\/wp-content\/uploads\/2020\/04\/ip10122200.jpg","datePublished":"2020-04-07T17:22:48+00:00","dateModified":"2021-04-27T18:44:24+00:00","breadcrumb":{"@id":"https:\/\/hh.uy\/?product=ip1012-220-cortadora-plasma-inverter#breadcrumb"},"inLanguage":"es","potentialAction":[{"@type":"ReadAction","target":["https:\/\/hh.uy\/?product=ip1012-220-cortadora-plasma-inverter"]}]},{"@type":"ImageObject","inLanguage":"es","@id":"https:\/\/hh.uy\/?product=ip1012-220-cortadora-plasma-inverter#primaryimage","url":"https:\/\/hh.uy\/wp-content\/uploads\/2020\/04\/ip10122200.jpg","contentUrl":"https:\/\/hh.uy\/wp-content\/uploads\/2020\/04\/ip10122200.jpg","width":800,"height":898},{"@type":"BreadcrumbList","@id":"https:\/\/hh.uy\/?product=ip1012-220-cortadora-plasma-inverter#breadcrumb","itemListElement":[{"@type":"ListItem","position":1,"name":"Home","item":"https:\/\/hh.uy\/"},{"@type":"ListItem","position":2,"name":"Shop","item":"https:\/\/hh.uy\/?page_id=8"},{"@type":"ListItem","position":3,"name":"IP1012\/220 &#8211; CORTADORA PLASMA INVERTER"}]},{"@type":"WebSite","@id":"https:\/\/hh.uy\/#website","url":"https:\/\/hh.uy\/","name":"Tienda de Herramientas | hh.uy","description":"Consulta &gt; Compra &gt; Paga &gt; Recibe","potentialAction":[{"@type":"SearchAction","target":{"@type":"EntryPoint","urlTemplate":"https:\/\/hh.uy\/?s={search_term_string}"},"query-input":{"@type":"PropertyValueSpecification","valueRequired":true,"valueName":"search_term_string"}}],"inLanguage":"es"}]}},"_links":{"self":[{"href":"https:\/\/hh.uy\/index.php?rest_route=\/wp\/v2\/product\/92","targetHints":{"allow":["GET"]}}],"collection":[{"href":"https:\/\/hh.uy\/index.php?rest_route=\/wp\/v2\/product"}],"about":[{"href":"https:\/\/hh.uy\/index.php?rest_route=\/wp\/v2\/types\/product"}],"replies":[{"embeddable":true,"href":"https:\/\/hh.uy\/index.php?rest_route=%2Fwp%2Fv2%2Fcomments&post=92"}],"wp:featuredmedia":[{"embeddable":true,"href":"https:\/\/hh.uy\/index.php?rest_route=\/wp\/v2\/media\/182"}],"wp:attachment":[{"href":"https:\/\/hh.uy\/index.php?rest_route=%2Fwp%2Fv2%2Fmedia&parent=92"}],"wp:term":[{"taxonomy":"product_cat","embeddable":true,"href":"https:\/\/hh.uy\/index.php?rest_route=%2Fwp%2Fv2%2Fproduct_cat&post=92"},{"taxonomy":"product_tag","embeddable":true,"href":"https:\/\/hh.uy\/index.php?rest_route=%2Fwp%2Fv2%2Fproduct_tag&post=92"}],"curies":[{"name":"wp","href":"https:\/\/api.w.org\/{rel}","templated":true}]}}