{"id":890,"date":"2021-07-02T20:45:51","date_gmt":"2021-07-02T23:45:51","guid":{"rendered":"https:\/\/hh.uy\/?post_type=product&#038;p=890"},"modified":"2021-07-12T11:54:09","modified_gmt":"2021-07-12T14:54:09","slug":"arrancador-auto-liviano-y-portatil","status":"publish","type":"product","link":"https:\/\/hh.uy\/?product=arrancador-auto-liviano-y-portatil","title":{"rendered":"AMF7300\/1 &#8211; ARRANCADOR CARGADOR COMPACTO 7800MAH GLADIATOR PRO"},"content":{"rendered":"<p><strong>Informaci\u00f3n del producto<\/strong><\/p>\n<p>El Auxilio Mec\u00e1nico port\u00e1til en la Playa, en la ruta, en su Casa<\/p>\n<p>Salida arrancador: 12V<br \/>\nCapacidad de la bater\u00eda: 7800mAh<br \/>\nCorriente de arranque nominal: 150A<br \/>\nPeso: 0,21Kg<\/p>\n<p>GARANT\u00cdA: 1 a\u00f1o<\/p>\n<p>AMF7300\/1 | Arrancador \u2013 Cargador 12v \u2013 16v Gladiator PRO<\/p>\n<p>&#8211; Portable, liviano y vers\u00e1til<\/p>\n<p>&#8211; Cargador de 12v (Autom\u00f3vil)<\/p>\n<p>&#8211; Cargador voltaje dual 120V\/220V<\/p>\n<p>&#8211; Salida de 12v-16v-19v para computadoras port\u00e1tiles, tablets, routers de WIFI y modems.<\/p>\n<p>&#8211; Puerto USB, permite cargar celulares, smartphones, c\u00e1maras fotogr\u00e1ficas y mp3\/mp4.<\/p>\n<p>&#8211; Ideal para arrancar autom\u00f3viles y embarcaciones a gasolina hasta 5000cc y autom\u00f3viles diesel hasta 2500cc.<\/p>\n<p>&#8211; Protegido electr\u00f3nicamente contra sobrecargas, sobre descargas, y cortocircuitos.<\/p>\n<p>&#8211; R\u00e1pida recarga desde la corriente hogare\u00f1a o desde el encendedor del autom\u00f3vil.<\/p>\n<p>CONTENIDO:<\/p>\n<p>1 Arrancador\/Cargador<\/p>\n<p>1 Cargador<\/p>\n<p>1 Set de conectores m\u00faltiples<\/p>\n<p>1 Cargador para el autom\u00f3vil<\/p>\n<p>1 Set de pinzas para bater\u00eda<\/p>\n<p>DATOS T\u00c9CNICOS EQUIPO:<\/p>\n<p>CAPACIDAD WATTS\/HORA: 28,9W\/h<\/p>\n<p>CAPACIDAD DE BATERIA: 7800mAh<\/p>\n<p>SALIDA USB: 5V\/2A<\/p>\n<p>SALIDA ARRANCADOR: 12V<\/p>\n<p>CORRIENTE DE ARRANQUE NOMINAL: 150A<\/p>\n<p>CORRIENTE DE ARRANQUE M\u00c1XIMO: 300A 3seg.<\/p>\n<p>TEMP. AMB. DE TRABAJO: -20\u00bac \/ 60\u00bac<\/p>\n<p>PESO: 0,21kg<\/p>\n<p>DATOS T\u00c9CNICOS CARGADOR<\/p>\n<p>CORRIENTE ENTRADA: 120\/220V &#8211; 50-60Hz<\/p>\n<p>CORRIENTE SALIDA: 5,0v &#8211; 1000mA<\/p>\n<p>TIPO DE AISLACI\u00d3N: CLASE II<\/p>\n","protected":false},"excerpt":{"rendered":"<p>El Auxilio Mec\u00e1nico port\u00e1til en la Playa, en la ruta, en su Casa<\/p>\n<p>Salida arrancador: 12V<br \/>\nCapacidad de la bater\u00eda: 7800mAh<br \/>\nCorriente de arranque nominal: 150A\u00a0 \u00a0 Peso: 0,21Kg<\/p>\n<p>&#8211; Portable, liviano y vers\u00e1til<\/p>\n<p>&#8211; Cargador de 12v (Autom\u00f3vil)<\/p>\n<p>&#8211; Cargador voltaje dual 120V\/220V (sirve para viajar)<\/p>\n<p>&#8211; Salida de 12v-16v-19v para computadoras port\u00e1tiles, tablets, routers de WIFI y modems.<\/p>\n<p>&#8211; Puerto USB, permite cargar celulares, smartphones, c\u00e1maras fotogr\u00e1ficas y mp3\/mp4.<\/p>\n<p><strong>&#8211; Ideal para arrancar autom\u00f3viles y embarcaciones a gasolina hasta 5000cc y autom\u00f3viles diesel hasta 2500cc.<\/strong><\/p>\n<p>&#8211; Protegido electr\u00f3nicamente contra sobrecargas, sobre descargas, y cortocircuitos.<\/p>\n<p>&#8211; R\u00e1pida recarga desde la corriente hogare\u00f1a o desde el encendedor del autom\u00f3vil.<\/p>\n","protected":false},"featured_media":900,"comment_status":"open","ping_status":"closed","template":"","meta":[],"product_cat":[69],"product_tag":[],"class_list":{"0":"post-890","1":"product","2":"type-product","3":"status-publish","4":"has-post-thumbnail","6":"product_cat-baterias","8":"first","9":"instock","10":"taxable","11":"shipping-taxable","12":"purchasable","13":"product-type-simple"},"yoast_head":"<!-- This site is optimized with the Yoast SEO plugin v24.9 - https:\/\/yoast.com\/wordpress\/plugins\/seo\/ -->\n<title>AMF7300\/1 - ARRANCADOR CARGADOR COMPACTO 7800MAH GLADIATOR PRO - Tienda de Herramientas | hh.uy<\/title>\n<meta name=\"description\" content=\"Arancador port\u00e1til y de f\u00e1cil traslado\" \/>\n<meta name=\"robots\" content=\"index, follow, max-snippet:-1, max-image-preview:large, max-video-preview:-1\" \/>\n<link rel=\"canonical\" href=\"https:\/\/hh.uy\/?product=arrancador-auto-liviano-y-portatil\" \/>\n<meta property=\"og:locale\" content=\"es_ES\" \/>\n<meta property=\"og:type\" content=\"article\" \/>\n<meta property=\"og:title\" content=\"AMF7300\/1 - ARRANCADOR CARGADOR COMPACTO 7800MAH GLADIATOR PRO - Tienda de Herramientas | hh.uy\" \/>\n<meta property=\"og:description\" content=\"Arancador port\u00e1til y de f\u00e1cil traslado\" \/>\n<meta property=\"og:url\" content=\"https:\/\/hh.uy\/?product=arrancador-auto-liviano-y-portatil\" \/>\n<meta property=\"og:site_name\" content=\"Tienda de Herramientas | hh.uy\" \/>\n<meta property=\"article:modified_time\" content=\"2021-07-12T14:54:09+00:00\" \/>\n<meta property=\"og:image\" content=\"https:\/\/hh.uy\/wp-content\/uploads\/2021\/07\/amf730012.jpg\" \/>\n\t<meta property=\"og:image:width\" content=\"800\" \/>\n\t<meta property=\"og:image:height\" content=\"565\" \/>\n\t<meta property=\"og:image:type\" content=\"image\/jpeg\" \/>\n<meta name=\"twitter:card\" content=\"summary_large_image\" \/>\n<meta name=\"twitter:label1\" content=\"Tiempo de lectura\" \/>\n\t<meta name=\"twitter:data1\" content=\"1 minuto\" \/>\n<script type=\"application\/ld+json\" class=\"yoast-schema-graph\">{\"@context\":\"https:\/\/schema.org\",\"@graph\":[{\"@type\":\"WebPage\",\"@id\":\"https:\/\/hh.uy\/?product=arrancador-auto-liviano-y-portatil\",\"url\":\"https:\/\/hh.uy\/?product=arrancador-auto-liviano-y-portatil\",\"name\":\"AMF7300\/1 - ARRANCADOR CARGADOR COMPACTO 7800MAH GLADIATOR PRO - Tienda de Herramientas | hh.uy\",\"isPartOf\":{\"@id\":\"https:\/\/hh.uy\/#website\"},\"primaryImageOfPage\":{\"@id\":\"https:\/\/hh.uy\/?product=arrancador-auto-liviano-y-portatil#primaryimage\"},\"image\":{\"@id\":\"https:\/\/hh.uy\/?product=arrancador-auto-liviano-y-portatil#primaryimage\"},\"thumbnailUrl\":\"https:\/\/hh.uy\/wp-content\/uploads\/2021\/07\/amf730012.jpg\",\"datePublished\":\"2021-07-02T23:45:51+00:00\",\"dateModified\":\"2021-07-12T14:54:09+00:00\",\"description\":\"Arancador port\u00e1til y de f\u00e1cil traslado\",\"breadcrumb\":{\"@id\":\"https:\/\/hh.uy\/?product=arrancador-auto-liviano-y-portatil#breadcrumb\"},\"inLanguage\":\"es\",\"potentialAction\":[{\"@type\":\"ReadAction\",\"target\":[\"https:\/\/hh.uy\/?product=arrancador-auto-liviano-y-portatil\"]}]},{\"@type\":\"ImageObject\",\"inLanguage\":\"es\",\"@id\":\"https:\/\/hh.uy\/?product=arrancador-auto-liviano-y-portatil#primaryimage\",\"url\":\"https:\/\/hh.uy\/wp-content\/uploads\/2021\/07\/amf730012.jpg\",\"contentUrl\":\"https:\/\/hh.uy\/wp-content\/uploads\/2021\/07\/amf730012.jpg\",\"width\":800,\"height\":565},{\"@type\":\"BreadcrumbList\",\"@id\":\"https:\/\/hh.uy\/?product=arrancador-auto-liviano-y-portatil#breadcrumb\",\"itemListElement\":[{\"@type\":\"ListItem\",\"position\":1,\"name\":\"Home\",\"item\":\"https:\/\/hh.uy\/\"},{\"@type\":\"ListItem\",\"position\":2,\"name\":\"Shop\",\"item\":\"https:\/\/hh.uy\/?page_id=8\"},{\"@type\":\"ListItem\",\"position\":3,\"name\":\"AMF7300\/1 &#8211; ARRANCADOR CARGADOR COMPACTO 7800MAH GLADIATOR PRO\"}]},{\"@type\":\"WebSite\",\"@id\":\"https:\/\/hh.uy\/#website\",\"url\":\"https:\/\/hh.uy\/\",\"name\":\"Tienda de Herramientas | hh.uy\",\"description\":\"Consulta &gt; Compra &gt; Paga &gt; Recibe\",\"potentialAction\":[{\"@type\":\"SearchAction\",\"target\":{\"@type\":\"EntryPoint\",\"urlTemplate\":\"https:\/\/hh.uy\/?s={search_term_string}\"},\"query-input\":{\"@type\":\"PropertyValueSpecification\",\"valueRequired\":true,\"valueName\":\"search_term_string\"}}],\"inLanguage\":\"es\"}]}<\/script>\n<!-- \/ Yoast SEO plugin. -->","yoast_head_json":{"title":"AMF7300\/1 - ARRANCADOR CARGADOR COMPACTO 7800MAH GLADIATOR PRO - Tienda de Herramientas | hh.uy","description":"Arancador port\u00e1til y de f\u00e1cil traslado","robots":{"index":"index","follow":"follow","max-snippet":"max-snippet:-1","max-image-preview":"max-image-preview:large","max-video-preview":"max-video-preview:-1"},"canonical":"https:\/\/hh.uy\/?product=arrancador-auto-liviano-y-portatil","og_locale":"es_ES","og_type":"article","og_title":"AMF7300\/1 - ARRANCADOR CARGADOR COMPACTO 7800MAH GLADIATOR PRO - Tienda de Herramientas | hh.uy","og_description":"Arancador port\u00e1til y de f\u00e1cil traslado","og_url":"https:\/\/hh.uy\/?product=arrancador-auto-liviano-y-portatil","og_site_name":"Tienda de Herramientas | hh.uy","article_modified_time":"2021-07-12T14:54:09+00:00","og_image":[{"width":800,"height":565,"url":"https:\/\/hh.uy\/wp-content\/uploads\/2021\/07\/amf730012.jpg","type":"image\/jpeg"}],"twitter_card":"summary_large_image","twitter_misc":{"Tiempo de lectura":"1 minuto"},"schema":{"@context":"https:\/\/schema.org","@graph":[{"@type":"WebPage","@id":"https:\/\/hh.uy\/?product=arrancador-auto-liviano-y-portatil","url":"https:\/\/hh.uy\/?product=arrancador-auto-liviano-y-portatil","name":"AMF7300\/1 - ARRANCADOR CARGADOR COMPACTO 7800MAH GLADIATOR PRO - Tienda de Herramientas | hh.uy","isPartOf":{"@id":"https:\/\/hh.uy\/#website"},"primaryImageOfPage":{"@id":"https:\/\/hh.uy\/?product=arrancador-auto-liviano-y-portatil#primaryimage"},"image":{"@id":"https:\/\/hh.uy\/?product=arrancador-auto-liviano-y-portatil#primaryimage"},"thumbnailUrl":"https:\/\/hh.uy\/wp-content\/uploads\/2021\/07\/amf730012.jpg","datePublished":"2021-07-02T23:45:51+00:00","dateModified":"2021-07-12T14:54:09+00:00","description":"Arancador port\u00e1til y de f\u00e1cil traslado","breadcrumb":{"@id":"https:\/\/hh.uy\/?product=arrancador-auto-liviano-y-portatil#breadcrumb"},"inLanguage":"es","potentialAction":[{"@type":"ReadAction","target":["https:\/\/hh.uy\/?product=arrancador-auto-liviano-y-portatil"]}]},{"@type":"ImageObject","inLanguage":"es","@id":"https:\/\/hh.uy\/?product=arrancador-auto-liviano-y-portatil#primaryimage","url":"https:\/\/hh.uy\/wp-content\/uploads\/2021\/07\/amf730012.jpg","contentUrl":"https:\/\/hh.uy\/wp-content\/uploads\/2021\/07\/amf730012.jpg","width":800,"height":565},{"@type":"BreadcrumbList","@id":"https:\/\/hh.uy\/?product=arrancador-auto-liviano-y-portatil#breadcrumb","itemListElement":[{"@type":"ListItem","position":1,"name":"Home","item":"https:\/\/hh.uy\/"},{"@type":"ListItem","position":2,"name":"Shop","item":"https:\/\/hh.uy\/?page_id=8"},{"@type":"ListItem","position":3,"name":"AMF7300\/1 &#8211; ARRANCADOR CARGADOR COMPACTO 7800MAH GLADIATOR PRO"}]},{"@type":"WebSite","@id":"https:\/\/hh.uy\/#website","url":"https:\/\/hh.uy\/","name":"Tienda de Herramientas | hh.uy","description":"Consulta &gt; Compra &gt; Paga &gt; Recibe","potentialAction":[{"@type":"SearchAction","target":{"@type":"EntryPoint","urlTemplate":"https:\/\/hh.uy\/?s={search_term_string}"},"query-input":{"@type":"PropertyValueSpecification","valueRequired":true,"valueName":"search_term_string"}}],"inLanguage":"es"}]}},"_links":{"self":[{"href":"https:\/\/hh.uy\/index.php?rest_route=\/wp\/v2\/product\/890","targetHints":{"allow":["GET"]}}],"collection":[{"href":"https:\/\/hh.uy\/index.php?rest_route=\/wp\/v2\/product"}],"about":[{"href":"https:\/\/hh.uy\/index.php?rest_route=\/wp\/v2\/types\/product"}],"replies":[{"embeddable":true,"href":"https:\/\/hh.uy\/index.php?rest_route=%2Fwp%2Fv2%2Fcomments&post=890"}],"wp:featuredmedia":[{"embeddable":true,"href":"https:\/\/hh.uy\/index.php?rest_route=\/wp\/v2\/media\/900"}],"wp:attachment":[{"href":"https:\/\/hh.uy\/index.php?rest_route=%2Fwp%2Fv2%2Fmedia&parent=890"}],"wp:term":[{"taxonomy":"product_cat","embeddable":true,"href":"https:\/\/hh.uy\/index.php?rest_route=%2Fwp%2Fv2%2Fproduct_cat&post=890"},{"taxonomy":"product_tag","embeddable":true,"href":"https:\/\/hh.uy\/index.php?rest_route=%2Fwp%2Fv2%2Fproduct_tag&post=890"}],"curies":[{"name":"wp","href":"https:\/\/api.w.org\/{rel}","templated":true}]}}